
Suppose -6*h + 383 = -1045. What are the prime factors of h?
2, 7, 17
Suppose 4*z - 2*z = 10. Let k be z*(-2)/(-8)*4. Suppose 5*s + k*v = 25, -5*s + 2*s + 39 = -5*v. List the prime factors of s.
2
Let r be ((-4281)/6)/((-3)/6). Suppose -r = -7*d - 405. List the prime factors of d.
2, 73
Let d(p) = -3 - 5 + 2*p + 0. Let k be d(6). Suppose r = k*r + 12, 5*a = -4*r + 144. List the prime factors of a.
2
Let l = -7 - -10. Suppose -l*y - 48 = -9*y. Suppose -4*f - 4*a = y - 156, 0 = 5*f + 4*a - 186. What are the prime factors of f?
2, 19
Let k be (-1)/(2/8*-2). Let u be k + (-2 + -5 - -3). List the prime factors of -3 + u + 2 + 24.
3, 7
Let s(r) = -r**2 + 2*r + 26. Let t be s(0). Suppose -c + 23 = -t. What are the prime factors of (156/21)/(14/c)?
2, 13
Suppose -6*y + 8158 = -3*y - 4*g, 3*y - 5*g - 8162 = 0. What are the prime factors of y?
2, 23, 59
Suppose -6*v = -8*v + 22. Suppose 93 = -v*p + 14*p. List the prime factors of p.
31
Let u(a) = 2*a**2 + 12*a + 10. Suppose 5*y = 51 - 101. What are the prime factors of u(y)?
2, 3, 5
Suppose -z = 2*n - 3*z - 10, -2*n - 4*z + 28 = 0. Suppose 0 = -n*k + 93 + 211. List the prime factors of k.
2, 19
Let y = -69 - -85. What are the prime factors of 13*y - 6/(0 - 3)?
2, 3, 5, 7
Let a be (-2)/4 + 5496/48. Suppose a = 6*v - 36. List the prime factors of v.
5
Let z(j) = 8*j**3 + 3*j**2 - 2*j - 2. Let s be 2/3 + 4/3. What are the prime factors of z(s)?
2, 5, 7
Suppose 4*j + 68 = 2*h, 0*j + 4*j - 226 = -5*h. List the prime factors of h.
2, 3, 7
Suppose 0*v - 4*s = -2*v + 8, 2*v = s + 8. Suppose -v*h + h + 2*j + 181 = 0, -5*h - 2*j + 291 = 0. Suppose -4*o + h = -81. What are the prime factors of o?
5, 7
Let j = -511 + 1349. What are the prime factors of j?
2, 419
Let h = -1210 - -2838. What are the prime factors of h?
2, 11, 37
Let k be (-7)/((-21)/(-9)) + -2. Let r be ((-2)/k)/((-8)/(-1220)). Suppose 0 = -4*h + 3*s + 83, -4*h + r = -2*h + 5*s. List the prime factors of h.
23
Suppose 79 = 2*i + 71. List the prime factors of 4/(i/51) - (3 + 1).
47
Suppose -4*t + 2*q = 1 + 1, 5*t - 2*q = 0. Suppose 2*n - t = 10. Let s(h) = h**2 - 3*h + 4. List the prime factors of s(n).
2, 11
Let j(r) = -87*r + 6. Let t be j(-1). Let l = t + 88. List the prime factors of l.
181
Suppose 0*u - 5*y = 2*u - 13, y = -5*u + 90. Let d = 51 - u. List the prime factors of d.
2
Let n(l) = -11*l**3 + 75*l**2 + 38*l - 95. Let w(q) = -5*q**3 + 37*q**2 + 19*q - 48. Let p(h) = -6*n(h) + 13*w(h). What are the prime factors of p(-30)?
2, 3, 23
List the prime factors of (2 + (-961)/(-5))/((-14)/(-70)).
971
List the prime factors of 207324/90 + (12/10)/3.
2, 3
Let m be (-3)/(-2)*32/(-12). What are the prime factors of 39/(0 - (3 + m))?
3, 13
Suppose -3*f + 0*j - 3*j - 3 = 0, 4*j + 31 = 5*f. Suppose 0*t - f*t = 3*s - 543, 885 = 5*t + s. What are the prime factors of t?
2, 11
Let s = 7 - 2. Suppose -3*z + g - 109 = -4*z, 3*z - s*g = 335. What are the prime factors of z?
2, 5, 11
Let c(u) = u - 10. Let z be c(12). Suppose l - 3 = -f, -f + l = z - 7. What are the prime factors of f*(4 - (-3)/(-4))?
13
Let y = 21 + -19. Suppose -3*i = -2*u - 365, y*i - 219 = -2*u + 11. What are the prime factors of i?
7, 17
Let s(v) = v**3 + 17*v**2 + 4*v + 14. What are the prime factors of s(-7)?
2, 7, 17
Let u(p) = -p**3 - 7*p**2 - 5. Let t = -26 - -19. Let f be u(t). What are the prime factors of (37/f)/((-8)/40)?
37
Suppose -5*t = -4*i - 91 - 214, 2*i - t = -145. Let g = i - -140. What are the prime factors of g?
2, 5, 7
Let s(p) be the second derivative of p**7/840 - p**5/60 + p**4/12 - 5*p**3/3 + 11*p. Let i(l) be the second derivative of s(l). List the prime factors of i(3).
23
What are the prime factors of -16 - -21 - (1 - 786)?
2, 5, 79
Suppose -8*q + 9792 = 9*q. List the prime factors of q.
2, 3
Suppose 5*z + 933 = 2*b, 3*b - 1395 = 33*z - 30*z. List the prime factors of b.
2, 29
Let s = 26 - 21. Suppose -3*b + 5*y = -34, 5*y - 1 = -2*b + s. What are the prime factors of (-2)/(b/(-36)) - 1?
2
Let i(v) be the third derivative of -v**3 + 0*v - 5*v**2 + 13/24*v**4 + 0. List the prime factors of i(3).
3, 11
Let c = 79 + -75. Suppose p - 352 = -2*j - 0*j, 2*j - 352 = c*p. What are the prime factors of j?
2, 11
Suppose 27*y - 2368 = 4112. List the prime factors of y.
2, 3, 5
Let b be 4 + 8/(-2)*1. Suppose b = 3*x - 5*h - 1, -3*x - 4*h - 9 = -7*h. Let n = x + 53. What are the prime factors of n?
3, 5
Let h = 457 + -408. What are the prime factors of h?
7
Let z(b) be the second derivative of -b**4/12 + 4*b**3/3 + 4*b**2 - 4*b. Let m be z(9). Let h(o) = -25*o - 1. What are the prime factors of h(m)?
2, 3
Let i be (1/(-3))/((-2)/(-1578)). Let v = -161 - i. What are the prime factors of v?
2, 3, 17
Let o be -4 + -1*(2 + 0). List the prime factors of o/3*(-141)/6.
47
Suppose 3*m + 2*l + 5 = 40, m - 13 = -2*l. Suppose -24 = m*g - 13*g. List the prime factors of g.
2, 3
Suppose -4*s = -0*s - 3*j + 3, 0 = 5*s - j - 10. Suppose -9 = 5*p - s*w - 0, 4*w - 12 = -5*p. What are the prime factors of (64 - 11)*(1 + p)?
53
Let n = -14 - -17. Let t be (n/9)/((-1)/(-3)). List the prime factors of ((-1)/2)/t*-26.
13
Let n be (-1)/((-1)/17 + 0). Suppose 0 = -5*h - m + 234 + n, 5*h + 2*m = 252. Suppose -i = -3*i + h. List the prime factors of i.
5
Suppose -567 = -4*s - 39. Suppose 5*d - 20 = 4*p + 145, 0 = -4*d + 5*p + s. What are the prime factors of d?
3, 11
Let q(h) = h**2 - 13*h - 6. Let n be q(8). Let z = -1 + -23. Let p = z - n. What are the prime factors of p?
2, 11
Let t be (-2 - -3)*(1 + 11). Let r be -2*(-14)/t*-3. Let q = r + 9. What are the prime factors of q?
2
Let c be (-318)/(-15) + (-24)/(-30). Let h = c - 12. List the prime factors of (-4)/h + (-531)/(-15).
5, 7
Let b = 220 - 130. Suppose 382 - b = 4*m. List the prime factors of m.
73
Suppose -10*z - z + 517 = 0. What are the prime factors of z?
47
Suppose 0 = 4*j - 3*g + 5 - 22, -2*g = 3*j. Suppose 3*p - 4 = -2*q, -4*q = -2*p - 10 - 14. What are the prime factors of 35 + j*(-3 - p)?
3, 11
Suppose a - 3*a = 3*i - 3, 2*i + 37 = 3*a. Let t be (-8)/(-12) - (-264)/a. Suppose -2*h + t = 3*h. List the prime factors of h.
2, 3
Let z = 67 - 72. What are the prime factors of (-1)/(-3*z/(-690))?
2, 23
Let s(x) = 7*x + 21. Let b(h) = -29*h - 84. Let d(l) = 4*b(l) + 18*s(l). What are the prime factors of d(8)?
2, 61
Let n(w) = 14*w - 10. Let b be n(-6). Let g = -65 - b. What are the prime factors of g?
29
Let g = -77 - -80. Suppose 3*c - x - 194 = 246, g*x - 286 = -2*c. List the prime factors of c.
2, 73
Let w(x) = 6*x**2 - 29*x - 147. List the prime factors of w(25).
2, 1439
Let a(x) = x**2 + x - 22. What are the prime factors of a(17)?
2, 71
Suppose -2*t + 109 = -i - 59, 2*t = 5*i + 160. Let p = t - 19. List the prime factors of p.
2, 3, 11
Let h be 3/2*580/30. Let x = h - 17. List the prime factors of x.
2, 3
Let t(z) = z**2 - 9*z + 12. Let p be t(7). Let o be 2/p*(-10)/5. Suppose -2*b - 2*b + 106 = -o*g, -4*b - 4*g + 76 = 0. List the prime factors of b.
2, 3
Let y = 34 + -29. Suppose 0 = 2*q + 21 - y. List the prime factors of q/(-36) - 608/(-18).
2, 17
Let q(r) = 2*r + 3. Let n(v) = -6*v - 8. Let w(i) = 5*n(i) + 14*q(i). Let h be w(-2). Suppose h*u - 39 = 3*u. List the prime factors of u.
13
Let j = 2748 + -1348. What are the prime factors of j?
2, 5, 7
Let t(h) = -316*h - 47. List the prime factors of t(-5).
3, 7, 73
Let c be 8*(-1)/(-4)*(1 + 283). Suppose 2*r + 3*k = 304, -4*r + c = 2*k - 6*k. List the prime factors of r.
2, 73
Suppose 4*s = -3*j - 38, 5*s + 23 = -2. Let z = -47 + 20. List the prime factors of j/z - 124/(-9).
2, 7
Let u(t) = -t**3 - 17*t**2 + 7*t - 6. Let j be u(-17). What are the prime factors of 24/8 + -1 + 1 - j?
2
Let n(x) = -x**2 - 4*x. Let j(p) = p**2 - 6*p + 2. Let y be j(5). Let h be n(y). Suppose h*f + 12 = 7*f, 42 = 4*a + 2*f. What are the prime factors of a?
3
Let q(c) = -3*c + 5. Let o be q(0). Let d = o + -1. What are the prime factors of 570/20*d/3?
2, 19
Suppose -5*l + 994 = 69. Suppose l = h + 4*h. What are the prime factors of h?
37
Let q = 27 + 69. Let v = q - 87. List the prime factors of v.
3
Let f(u) be the second derivative of -u**5/20 + 4*u**4/3 - 7*u**3/6 - 31*u**2/2 - 11*u. What are the prime factors of f(15)?
89
Let f be (-5)/(-2)*(-6)/5. Let v be (f - -5) + (-3 - -4). Suppose -47 = 